{"id":25,"date":"2016-02-09T11:24:17","date_gmt":"2016-02-09T11:24:17","guid":{"rendered":"http:\/\/localhost:8888\/meierei_de\/?page_id=25"},"modified":"2016-03-25T18:37:07","modified_gmt":"2016-03-25T18:37:07","slug":"eventanfrage","status":"publish","type":"page","link":"https:\/\/meierei-grube.de\/?page_id=25","title":{"rendered":"Eventanfrage"},"content":{"rendered":"<div class=\"flex_column av_one_full  flex_column_div av-zero-column-padding first  \" style='border-radius:0px; '><p><div style='padding-bottom:10px;' class='av-special-heading av-special-heading-h3     '><h3 class='av-special-heading-tag '  itemprop=\"headline\"  >EVENTANFRAGE<\/h3><div class='special-heading-border'><div class='special-heading-inner-border' ><\/div><\/div><\/div><br \/>\n<section class=\"av_textblock_section \"  itemscope=\"itemscope\" itemtype=\"https:\/\/schema.org\/CreativeWork\" ><div class='avia_textblock  '   itemprop=\"text\" ><h4>Sie planen ein Event f\u00fcr Ihre Firma, Familie\u00a0oder Freunde?<\/h4>\n<p>Die Meierei\u00a0kann Ihnen R\u00e4umlichkeiten von 50 bis 400\u00a0Personen anbieten, so dass Sie immer einen idealen Raum f\u00fcr Ihre Veranstaltung bei uns finden. Ob Weihnachts- oder Sommerfeiern, Road Shows, Produktpr\u00e4sentationen, Vortr\u00e4ge, Workshops, Geburtstagspartys, Polterabende oder Hochzeiten, alle Veranstaltungsarten haben bei uns schon ihr zu Hause gefunden. Um Ihnen ein m\u00f6glichst konkretes Angebot unterbreiten zu k\u00f6nnen, ben\u00f6tigen wir von Ihnen folgende Angaben. Gerne stehen wir Ihnen f\u00fcr weitere Informationen per Telefon oder E-Mail zur Verf\u00fcgung.<\/p>\n<\/div><\/section><\/p><\/div>\n<div  class='hr hr-default  '><span class='hr-inner ' ><span class='hr-inner-style'><\/span><\/span><\/div>\n<form action=\"https:\/\/meierei-grube.de\/?page_id=25\" method=\"post\"  class=\"avia_ajax_form av-form-labels-visible    \" data-avia-form-id=\"1\" data-avia-redirect=''><fieldset><p class=' first_form  form_element form_fullwidth' id='element_avia_1_1'><label for=\"avia_1_1\">Firma<\/label> <input name=\"avia_1_1\" class=\"text_input \" type=\"text\" id=\"avia_1_1\" value=\"\" \/><\/p><p class=' first_form  form_element form_fullwidth' id='element_avia_2_1'><label for=\"avia_2_1\">Name <abbr class=\"required\" title=\"ben\u00f6tigt\">*<\/abbr><\/label> <input name=\"avia_2_1\" class=\"text_input is_empty\" type=\"text\" id=\"avia_2_1\" value=\"\" \/><\/p><p class=' first_form  form_element form_fullwidth' id='element_avia_3_1'><label for=\"avia_3_1\">E-Mail <abbr class=\"required\" title=\"ben\u00f6tigt\">*<\/abbr><\/label> <input name=\"avia_3_1\" class=\"text_input is_email\" type=\"text\" id=\"avia_3_1\" value=\"\" \/><\/p><p class=' first_form  form_element form_fullwidth' id='element_avia_4_1'><label for=\"avia_4_1\">Telefon <abbr class=\"required\" title=\"ben\u00f6tigt\">*<\/abbr><\/label> <input name=\"avia_4_1\" class=\"text_input is_phone\" type=\"text\" id=\"avia_4_1\" value=\"\" \/><\/p><p class=' first_form  form_element form_fullwidth' id='element_avia_5_1'><label for=\"avia_5_1\">Art der Veranstaltung <abbr class=\"required\" title=\"ben\u00f6tigt\">*<\/abbr><\/label> <input name=\"avia_5_1\" class=\"text_input is_empty\" type=\"text\" id=\"avia_5_1\" value=\"\" \/><\/p><p class=' first_form  form_element form_fullwidth' id='element_avia_6_1'><label for=\"avia_6_1\">Ungef\u00e4hre Anzahl der Personen <abbr class=\"required\" title=\"ben\u00f6tigt\">*<\/abbr><\/label> <input name=\"avia_6_1\" class=\"text_input is_empty\" type=\"text\" id=\"avia_6_1\" value=\"\" \/><\/p><p class=' first_form  form_element form_fullwidth' id='element_avia_7_1'>    <input  name=\"avia_7_1\" class=\"input_checkbox \" type=\"checkbox\" id=\"avia_7_1\" value=\"true\"\/><label class=\"input_checkbox_label\" for=\"avia_7_1\">G\u00e4ste j\u00fcnger als 18?<\/label><\/p><p class=' first_form  form_element form_fullwidth' id='element_avia_8_1'><label for=\"avia_8_1\">Gesch\u00e4tztes Durchschnittsalter der G\u00e4ste<\/label> <input name=\"avia_8_1\" class=\"text_input \" type=\"text\" id=\"avia_8_1\" value=\"\" \/><\/p><p class=' first_form  form_element form_fullwidth' id='element_avia_9_1'><label for=\"avia_9_1\">Wunschdatum <abbr class=\"required\" title=\"ben\u00f6tigt\">*<\/abbr><\/label> <input name=\"avia_9_1\" class=\"avia_datepicker text_input is_empty\" type=\"text\" id=\"avia_9_1\" value=\"\" placeholder=\"DD \/ MM \/ YY\" \/><\/p><p class=' first_form  form_element form_fullwidth av-last-visible-form-element' id='element_avia_10_1'>\t <label for=\"avia_10_1\" class=\"textare_label hidden textare_label_avia_10_1\">Nachricht <abbr class=\"required\" title=\"ben\u00f6tigt\">*<\/abbr><\/label>\t <textarea  name=\"avia_10_1\" class=\"text_area is_empty\" cols=\"40\" rows=\"7\" id=\"avia_10_1\" ><\/textarea><\/p><p class=\"hidden\"><input type=\"text\" name=\"avia_11_1\" class=\"hidden \" id=\"avia_11_1\" value=\"\" \/><\/p><p class=\"form_element \"><input type=\"hidden\" value=\"1\" name=\"avia_generated_form1\" \/><input type=\"submit\" value=\"Senden\" class=\"button\"  data-sending-label=\"Sende\"\/><\/p><\/fieldset><\/form><div id=\"ajaxresponse_1\" class=\"ajaxresponse ajaxresponse_1 hidden\"><\/div>\n","protected":false},"excerpt":{"rendered":"","protected":false},"author":2,"featured_media":0,"parent":1167,"menu_order":0,"comment_status":"closed","ping_status":"closed","template":"","meta":[],"_links":{"self":[{"href":"https:\/\/meierei-grube.de\/index.php?rest_route=\/wp\/v2\/pages\/25"}],"collection":[{"href":"https:\/\/meierei-grube.de\/index.php?rest_route=\/wp\/v2\/pages"}],"about":[{"href":"https:\/\/meierei-grube.de\/index.php?rest_route=\/wp\/v2\/types\/page"}],"author":[{"embeddable":true,"href":"https:\/\/meierei-grube.de\/index.php?rest_route=\/wp\/v2\/users\/2"}],"replies":[{"embeddable":true,"href":"https:\/\/meierei-grube.de\/index.php?rest_route=%2Fwp%2Fv2%2Fcomments&post=25"}],"version-history":[{"count":17,"href":"https:\/\/meierei-grube.de\/index.php?rest_route=\/wp\/v2\/pages\/25\/revisions"}],"predecessor-version":[{"id":3613,"href":"https:\/\/meierei-grube.de\/index.php?rest_route=\/wp\/v2\/pages\/25\/revisions\/3613"}],"up":[{"embeddable":true,"href":"https:\/\/meierei-grube.de\/index.php?rest_route=\/wp\/v2\/pages\/1167"}],"wp:attachment":[{"href":"https:\/\/meierei-grube.de\/index.php?rest_route=%2Fwp%2Fv2%2Fmedia&parent=25"}],"curies":[{"name":"wp","href":"https:\/\/api.w.org\/{rel}","templated":true}]}}